 of 8695?
5, 37, 47
List the prime factors of 439.
439
List the prime factors of 16619.
16619
List the prime factors of 962.
2, 13, 37
List the prime factors of 60691.
137, 443
List the prime factors of 3487.
11, 317
List the prime factors of 819.
3, 7, 13
List the prime factors of 2634.
2, 3, 439
List the prime factors of 301.
7, 43
What are the prime factors of 37392?
2, 3, 19, 41
What are the prime factors of 4907?
7, 701
List the prime factors of 3776.
2, 59
List the prime factors of 20822.
2, 29, 359
List the prime factors of 11959.
11959
What are the prime factors of 29965?
5, 13, 461
List the prime factors of 1087.
1087
What are the prime factors of 304?
2, 19
What are the prime factors of 12524?
2, 31, 101
List the prime factors of 23760.
2, 3, 5, 11
What are the prime factors of 1469?
13, 113
List the prime factors of 3701.
3701
List the prime factors of 695.
5, 139
What are the prime factors of 452?
2, 113
List the prime factors of 180409.
29, 6221
List the prime factors of 41665.
5, 13, 641
List the prime factors of 2628.
2, 3, 73
What are the prime factors of 881?
881
What are the prime factors of 122395?
5, 7, 13, 269
What are the prime factors of 11936?
2, 373
What are the prime factors of 16448?
2, 257
List the prime factors of 91.
7, 13
List the prime factors of 457.
457
What are the prime factors of 3190?
2, 5, 11, 29
What are the prime factors of 10885?
5, 7, 311
List the prime factors of 831.
3, 277
What are the prime factors of 3881?
3881
List the prime factors of 68356.
2, 23, 743
What are the prime factors of 1309?
7, 11, 17
What are the prime factors of 61745?
5, 53, 233
List the prime factors of 19061.
7, 389
What are the prime factors of 1115?
5, 223
List the prime factors of 21326.
2, 10663
What are the prime factors of 32489?
53, 613
What are the prime factors of 2402?
2, 1201
List the prime factors of 27537.
3, 67, 137
List the prime factors of 3211.
13, 19
What are the prime factors of 46431?
3, 7, 11, 67
List the prime factors of 44511.
3, 37, 401
What are the prime factors of 30735?
3, 5, 683
What are the prime factors of 22665?
3, 5, 1511
List the prime factors of 149.
149
What are the prime factors of 422?
2, 211
List the prime factors of 8444.
2, 2111
List the prime factors of 4553.
29, 157
What are the prime factors of 1182?
2, 3, 197
What are the prime factors of 2115?
3, 5, 47
What are the prime factors of 2539?
2539
List the prime factors of 57128.
2, 37, 193
List the prime factors of 1532.
2, 383
List the prime factors of 3816.
2, 3, 53
List the prime factors of 49237.
53, 929
What are the prime factors of 932?
2, 233
What are the prime factors of 425?
5, 17
What are the prime factors of 5073?
3, 19, 89
List the prime factors of 1123.
1123
What are the prime factors of 12489?
3, 23, 181
What are the prime factors of 1302?
2, 3, 7, 31
What are the prime factors of 21073?
13, 1621
What are the prime factors of 1572?
2, 3, 131
List the prime factors of 3774.
2, 3, 17, 37
List the prime factors of 670.
2, 5, 67
What are the prime factors of 1331?
11
What are the prime factors of 98?
2, 7
What are the prime factors of 17741?
113, 157
List the prime factors of 1291.
1291
What are the prime factors of 3044?
2, 761
What are the prime factors of 738?
2, 3, 41
What are the prime factors of 471?
3, 157
List the prime factors of 26420.
2, 5, 1321
What are the prime factors of 22448?
2, 23, 61
List the prime factors of 515.
5, 103
List the prime factors of 3452.
2, 863
What are the prime factors of 7956?
2, 3, 13, 17
What are the prime factors of 1225?
5, 7
List the prime factors of 90006.
2, 3, 7, 2143
What are the prime factors of 9299?
17, 547
List the prime factors of 109016.
2, 13627
What are the prime factors of 57922?
2, 28961
What are the prime factors of 202?
2, 101
List the prime factors of 2215.
5, 443
List the prime factors of 9172.
2, 2293
List the prime factors of 3255.
3, 5, 7, 31
List the prime factors of 2723.
7, 389
List the prime factors of 857.
857
What are the prime factors of 97?
97
What are the prime factors of 289?
17
List the prime factors of 2637.
3, 293
List the prime factors of 5849.
5849
List the prime factors of 25783.
19, 23, 59
List the prime factors of 16430.
2, 5, 31, 53
List the prime factors of 2058.
2, 3, 7
List the prime factors of 3946.
2, 1973
What are the prime factors of 22968?
2, 3, 11, 29
List the prime factors of 162050.
2, 5, 7, 463
What are the prime factors of 174?
2, 3, 29
What are the prime factors of 17424?
2, 3, 11
What are the prime factors of 1791?
3, 199
List the prime factors of 1027.
13, 79
What are the prime factors of 82552?
2, 17, 607
List the prime factors of 7301.
7, 149
List the prime factors of 31128.
2, 3, 1297
What are the prime factors of 1179?
3, 131
List the prime factors of 5014.
2, 23, 109
List the prime factors of 6452.
2, 1613
What are the prime factors of 11611?
17, 683
What are the prime factors of 5295?
3, 5, 353
What are the prime factors of 15437?
43, 359
What are the prime factors of 239?
239
What are the prime factors of 5951?
11, 541
What are the prime factors of 28824?
2, 3, 1201
List the prime factors of 214.
2, 107
What are the prime factors of 9846?
2, 3, 547
List the prime factors of 806.
2, 13, 31
What are the prime factors of 1872?
2, 3, 13
List the prime factors of 19324.
2, 4831
What are the prime factors of 62004?
2, 3, 5167
List the prime factors of 281.
281
What are the prime factors of 10093?
10093
List the prime factors of 559.
13, 43
List the prime factors of 55033.
11, 5003
List the prime factors of 6971.
6971
What are the prime factors of 3043?
17, 179
List the prime factors of 523.
523
List the prime factors of 10182.
2, 3, 1697
What are the prime factors of 935?
5, 11, 17
List the prime factors of 8891.
17, 523
What are the prime factors of 1402?
2, 701
What are the prime factors of 10745?
5, 7, 307
What are the prime factors of 78249?
3, 26083
List the prime factors of 913.
11, 83
What are the prime factors of 32164?
2, 11, 17, 43
List the prime factors of 4852.
2, 1213
What are the prime factors of 10014?
2, 3, 1669
List the prime factors of 2757.
3, 919
List the prime factors of 491.
491
List the prime factors of 498.
2, 3, 83
What are the prime factors of 14210?
2, 5, 7, 29
List the prime factors of 3112.
2, 389
List the prime factors of 4075.
5, 163
List the prime factors of 23864.
2, 19, 157
List the prime factors of 1081.
23, 47
List the prime factors of 34225.
5, 37
List the prime factors of 4279.
11, 389
What are the prime factors of 665?
5, 7, 19
What are the prime factors of 889?
7, 127
What are the prime factors of 36783?
3, 61, 67
What are the prime factors of 29691?
3, 3299
What are the prime factors of 61101?
3, 31, 73
List the prime factors of 151.
151
What are the prime factors of 19519?
131, 149
What are the prime factors of 5052?
2, 3, 421
List the prime factors of 9209.
9209
What are the prime factors of 3565?
5, 23, 31
What are the prime factors of 3713?
47, 79
List the prime factors of 57224.
2, 23, 311
List the prime factors of 9965.
5, 1993
What are the prime factors of 877?
877
List the prime factors of 45314.
2, 139, 163
List the prime factors of 13725.
3, 5, 61
List the prime factors of 20009.
11, 17, 107
List the prime factors of 15251.
101, 151
What are the prime factors of 28593?
3, 353
What are the prime factors of 57153?
3, 19051
List the prime factors of 31818.
2, 3, 5303
What are the prime factors of 2934?
2, 3, 163
What are the prime factors of 33481?
7, 4783
What are the prime factors of 1482?
2, 3, 13, 19
List the prime factors of 17598.
2, 3, 7, 419
List the prime factors of 18078.
2, 3, 23, 131
What are the prime factors of 115475?
5, 31, 149
What are the prime factors of 97172?
2, 17, 1429
List the prime factors of 66359.
66359
List the prime factors of 6310.
2, 5, 631
What are the prime factors of 12770?
2, 5, 1277
List the prime factors of 7755.
3, 5, 11, 47
List the prime factors of 12992.
2, 7, 29
What are the prime factors of 45234?
2, 3, 7, 359
What are the prime factors of 16491?
3, 23, 239
List the prime factors of 12689.
12689
What are the prime factors of 2641?
19, 139
What are the prime factors of 13138?
2, 6569
List the prime factors of 962.
2, 13, 37
What are the